{"id":172,"date":"2024-01-30T18:05:18","date_gmt":"2024-01-30T21:05:18","guid":{"rendered":"https:\/\/www.supertraction.com.br\/site\/?page_id=172"},"modified":"2024-01-30T19:20:01","modified_gmt":"2024-01-30T22:20:01","slug":"super-traction","status":"publish","type":"page","link":"https:\/\/www.supertraction.com.br\/site\/super-traction\/","title":{"rendered":"Super Traction"},"content":{"rendered":"<p style=\"text-align: center;\"><strong>A SUPER TRACTION, anteriormente DSTRAC Agriculture, \u00e9 uma empresa do Nardi Grupo Industrial, produz e comercializa tra\u00e7\u00f5es 4X4 de alta performance para o segmento agr\u00edcola.<\/strong><\/p>\n<p style=\"text-align: center;\"><strong>\u00c9 pioneira nacional no desenvolvimento de um sistema de tra\u00e7\u00e3o 4&#215;4 com transmiss\u00e3o hidrost\u00e1tica, que proporciona um maior rendimento da colheita na lavoura, em condi\u00e7\u00f5es e de solo extremas.<\/strong><\/p>\n<p><img decoding=\"async\" class=\"aligncenter wp-image-191\" src=\"https:\/\/www.supertraction.com.br\/site\/wp-content\/uploads\/2024\/01\/imgIntro.jpg\" alt=\"\" width=\"1000\" height=\"1795\"  loading=\"lazy\" srcset=\"https:\/\/www.supertraction.com.br\/site\/wp-content\/uploads\/2024\/01\/imgIntro.jpg 1200w, https:\/\/www.supertraction.com.br\/site\/wp-content\/uploads\/2024\/01\/imgIntro-167x300.jpg 167w, https:\/\/www.supertraction.com.br\/site\/wp-content\/uploads\/2024\/01\/imgIntro-768x1379.jpg 768w, https:\/\/www.supertraction.com.br\/site\/wp-content\/uploads\/2024\/01\/imgIntro-570x1024.jpg 570w, https:\/\/www.supertraction.com.br\/site\/wp-content\/uploads\/2024\/01\/imgIntro-600x1077.jpg 600w\" sizes=\"auto, (max-width: 1000px) 100vw, 1000px\" \/><\/p>\n","protected":false},"excerpt":{"rendered":"<p>A SUPER TRACTION, anteriormente DSTRAC Agriculture, \u00e9 uma empresa do Nardi Grupo Industrial, produz e comercializa tra\u00e7\u00f5es 4X4 de alta performance para o segmento agr\u00edcola. \u00c9 pioneira nacional no desenvolvimento de um sistema de tra\u00e7\u00e3o 4&#215;4 com transmiss\u00e3o hidrost\u00e1tica, que proporciona um maior rendimento da colheita na lavoura, em condi\u00e7\u00f5es e de solo extremas.<\/p>\n","protected":false},"author":1,"featured_media":0,"parent":0,"menu_order":0,"comment_status":"closed","ping_status":"closed","template":"","meta":{"footnotes":""},"class_list":["post-172","page","type-page","status-publish","hentry"],"_links":{"self":[{"href":"https:\/\/www.supertraction.com.br\/site\/wp-json\/wp\/v2\/pages\/172","targetHints":{"allow":["GET"]}}],"collection":[{"href":"https:\/\/www.supertraction.com.br\/site\/wp-json\/wp\/v2\/pages"}],"about":[{"href":"https:\/\/www.supertraction.com.br\/site\/wp-json\/wp\/v2\/types\/page"}],"author":[{"embeddable":true,"href":"https:\/\/www.supertraction.com.br\/site\/wp-json\/wp\/v2\/users\/1"}],"replies":[{"embeddable":true,"href":"https:\/\/www.supertraction.com.br\/site\/wp-json\/wp\/v2\/comments?post=172"}],"version-history":[{"count":7,"href":"https:\/\/www.supertraction.com.br\/site\/wp-json\/wp\/v2\/pages\/172\/revisions"}],"predecessor-version":[{"id":193,"href":"https:\/\/www.supertraction.com.br\/site\/wp-json\/wp\/v2\/pages\/172\/revisions\/193"}],"wp:attachment":[{"href":"https:\/\/www.supertraction.com.br\/site\/wp-json\/wp\/v2\/media?parent=172"}],"curies":[{"name":"wp","href":"https:\/\/api.w.org\/{rel}","templated":true}]}}